a prime number?
True
Let c be (-10)/95 + 3 + (-839500)/(-38). Let h = -14196 + c. Is h a composite number?
True
Let k = 17961 + -1457. Suppose -4130 = -6*t + k. Is t a prime number?
False
Let o = 93747 + -17926. Is o a composite number?
False
Is 3893484/27 - ((-365)/(-45) - 8) prime?
True
Suppose 3*i - 194446 = -3*k + 20132, 5*i - 5*k - 357610 = 0. Suppose -33*l + 37*l = i. Is l prime?
True
Suppose -4*y + 11*y - 14 = 0. Suppose -4*b = -5*d + 15995, -y*d + 6845 = -b + 447. Is d a composite number?
True
Suppose 20772 = 8*n - 23252. Suppose -13*m - n - 11033 = 0. Let l = 2267 + m. Is l prime?
False
Is -12*(9 + (-1527274)/168) composite?
True
Suppose g + 62 - 15 = 0. Let c = g + 50. Suppose c*h - 353 = 145. Is h composite?
True
Let l(j) = 19*j**2 + 3. Let z(f) = 15*f - 46. Let v(r) = 7*r - 23. Let i(b) = 13*v(b) - 6*z(b). Let y be i(19). Is l(y) prime?
True
Let z(w) = -2088*w**2 + 15. Let k(i) = 961*i + 1044*i**2 - 7 - 961*i. Let b(x) = 13*k(x) + 6*z(x). Is b(1) composite?
True
Let o = -201 + 210. Suppose -o*t + 10*t = 11287. Is t a prime number?
True
Suppose -4*t + 3*h - 6 + 22 = 0, 5*t = -3*h + 47. Suppose -2*u = 5*j - t*u - 17635, 2*u = -2*j + 7038. Let v = j - 2042. Is v composite?
False
Let q = 295 + -291. Suppose 4*b + 10*w - 8*w = 54, w = q*b - 51. Is b composite?
False
Let p = 908 - 905. Suppose k + 3*o = 5, k - 5 = -3*o + 6*o. Suppose 5*t - u = t + 709, -k*t + 888 = -p*u. Is t composite?
True
Let u = 75 - 55. Suppose -3*r = 2*b - 43702, -u*b - 3*r - 109255 = -25*b. Is b prime?
True
Let b(s) = -1103*s - 41. Suppose -44 = 9*z + 82. Is b(z) prime?
True
Let s(v) = -215653*v**3 - v**2 - 8*v - 3. Is s(-2) a composite number?
False
Let p = 492 + -486. Suppose -s = -4*t + 30889, p*t = 2*t - 3*s + 30869. Is t a composite number?
True
Suppose 3*p + 3*p + 168 = 0. Is 4/p + 28828/14 prime?
False
Let c(d) = -3068*d - 5927. Is c(-21) composite?
True
Suppose 0 = 5*o + 2*t + 280, 8 = -4*t - 12. Is (o/9)/(1/(212/(-8))) a prime number?
False
Let z = -370 - -382. Let o = 35 - 24. Suppose o*j - z*j + 791 = 0. Is j a composite number?
True
Let y = 98350 + -48753. Is y composite?
False
Is (10853/3)/(-2 - ((-2)/18 - 2)) a composite number?
True
Suppose 0 = -2*b + y + 148694, -2*b + 116501 = -3*y - 32177. Is b prime?
False
Let f = -86 - -93. Suppose -7683 = 4*p - f*p. Is p a composite number?
True
Let c(q) = 5*q**2 - q + 11. Let u(g) = -4*g**2 + 2*g - 12. Let n be (-2*(-1 - -6))/(1 + -3). Let w(p) = n*c(p) + 6*u(p). Is w(-16) a prime number?
True
Let m(v) = -v**2 + 8*v + 22. Let u be m(10). Suppose u*w - 11729 = -3095. Is (-4 + 3)/(4314/w - 1) a composite number?
False
Suppose 17 = 5*m - 28. Let n be (-9)/21 + 505/35 - -2. Let v = n + m. Is v a prime number?
False
Let x(b) = 40 - 151 - 20*b**2 + 50 + 42 - 19*b + 5*b**3. Is x(15) prime?
True
Let m(f) = -f**3 + 2*f**2 - 5*f + 25. Let d be m(11). Let j = d + 2216. Is j a composite number?
False
Suppose -32 = -12*y + 28. Suppose 0 = -5*l - 15, -x - y*l + 3*l + 7853 = 0. Is x composite?
True
Suppose -1090 = -8*r + 1550. Suppose 2*f = -4*m + 1166 - r, 4*m - 4*f - 860 = 0. Is m a composite number?
False
Let z(b) = -9*b + 41. Let d be z(4). Suppose -2*h = -5*o - 13338, 7*h - o - 13354 = d*h. Is h a prime number?
True
Let o = 47624 - -53067. Is o a composite number?
True
Let w be -1 + (-3 - (-3)/3). Let h be 2/(-1)*10*w/12. Suppose 0 = h*a - 6*a + 1913. Is a a prime number?
True
Let p(b) = 33*b**2 - 4*b - 1. Let d be (4/10)/((-6)/(-60)). Suppose 0 = -d*x + 5*l - 14, -4*x + 3*l - 18 = -0. Is p(x) a prime number?
False
Suppose 4*d + 713 = 3*z, 0 = -3*z - 18*d + 15*d + 678. Let b = 9 + 13. Is z/b + 10/4 + -2 composite?
False
Let s = -904 - -1894. Suppose 5*g - s = 1945. Is g composite?
False
Let j(q) = -10170*q + 37. Let k(g) = 34*g + 99. Let l be k(-3). Is j(l) a composite number?
True
Suppose 0 = -111*q + 115*q - 19612. Is q composite?
False
Let k be (1 - (-3 + -1))*(-4 + 1). Let b be (-5)/k*1*-3 + 1. Suppose 2*r + 8*m = 3*m + 872, b = 4*m - 8. Is r composite?
False
Let o = 816406 + -406029. Is o composite?
True
Suppose 4*u + 15*u + 4*u - 8133329 = 0. Is u prime?
False
Let w(m) = 79*m**2 - 2. Let d(j) = j - 8*j + 4*j + j + 4*j**2. Let v be d(1). Is w(v) prime?
False
Let q be (-38)/(-10) - (-13)/65. Suppose 0 = 3*d - 3*u - 0 + 3, -3*d = -q*u + 4. Suppose 4*g - 1857 = -3*c + g, -5*c + 3*g + 3127 = d. Is c prime?
False
Let g = -4446 - -10032. Suppose -g + 26171 = 5*c. Is c prime?
False
Suppose 0 = g - i - 5, 3*i = 2*g - 0*g - 12. Let q = 69 + -67. Suppose -3*m + c = q*m - 1650, g*m - 4*c - 973 = 0. Is m composite?
False
Suppose 6*f = 3*f + 9, -4*f - 642383 = -5*r. Is r composite?
True
Let h be ((-15)/(-6))/(3/4362). Let z = h - 5247. Is (z/(-8) - 0)*2 prime?
False
Let w be 27/135 - 34/(-5). Suppose 84 = -0*m - w*m. Is ((-354)/m)/(1/2) a prime number?
True
Let y be 193/6 - (-4)/(-24). Is 5/(y/(-80)*(-10)/12004) composite?
True
Let m(c) = -c**2 - 22*c + 33. Let w be ((-4)/12)/((-2)/(-102)). Let l be m(w). Suppose 340 = 4*y - 2*q, l = y - 2*q + 33. Is y composite?
True
Suppose 4*t - 5 - 11 = 0. Suppose 0 = -4*l + 2*r - 14, -2 - 6 = t*l + 4*r. Is 844*4/28 - l/7 composite?
True
Let v be (1/2)/((-1)/(-158)). Let y(j) = 118*j + 6. Let n be y(-1). Let w = v - n. Is w prime?
True
Suppose -2*x = -2*a - 0*x, -4 = a - 2*x. Suppose 0 = -a*u + 1441 + 1259. Suppose 2*p - u = -77. Is p a prime number?
False
Suppose -891536 = -20*h + 1538766 - 280722. Is h prime?
False
Suppose -65 = -28*z + 75. Suppose z*a - 34112 = -3*i, i - 5843 = -4*a + 21448. Is a composite?
False
Let p = 1399 - 387. Suppose -p = -l + 2321. Suppose 3*c - l + 582 = 0. Is c a prime number?
False
Suppose 3*p - 3 = 30. Let b(t) = -2*t**2 + 11*t - 30. Let y be b(p). Let s = y + 270. Is s composite?
True
Let m(n) = -7494*n - 4033. Is m(-36) a prime number?
False
Let v(m) = -8460*m - 2087. Is v(-11) composite?
True
Let o = 48 + -46. Let p(f) = 2*f**2 - 5*f - 18. Let b(t) = -2*t**2 + 6*t + 18. Let x(c) = o*b(c) + 3*p(c). Is x(-8) a composite number?
True
Let h = 64 - 50. Suppose 4*y - 5 = -4*i + 11, h = 5*i + 2*y. Suppose 358 = -5*z + i*m + 4085, -2*m = -4*z + 2982. Is z prime?
False
Let z(c) be the first derivative of 11*c**2 - 5*c - 1. Suppose -38*w = -94*w + 112. Is z(w) a prime number?
False
Let n = 1658348 + -698077. Is n composite?
True
Suppose -581156 = -73*k - 48*k + 572337. Is k composite?
False
Let p(j) = -34027*j + 103. Let l be p(-11). Suppose -50*h = -120650 - l. Is h composite?
False
Let k(q) = 21809*q**2 + 43*q - 3. Is k(2) prime?
False
Let t(x) = -4*x - 2. Let u be t(3). Let k be 73658/u - 38/(-133). Let f = k - -8716. Is f a composite number?
True
Let k(x) = 4*x**2 + 296*x - 2929. Is k(135) prime?
False
Let o = 161 + -706. Suppose 5973 = 5*n + 3*u, -5*n + 1198 = -4*n + 4*u. Let m = o + n. Is m a composite number?
True
Let x = 26167 - 11270. Is x a composite number?
False
Let f = 4941 + 17300. Is f a composite number?
True
Let u = -240 - -250. Suppose -1862 = -u*d + 4948. Is d a prime number?
False
Suppose -3*t = -6, -11*t = -n - 13*t + 81483. Is n prime?
False
Let v(x) = x**3 - 9*x**2 - 1513. Let b(l) = l**3 - 7*l**2 + l - 1513. Let s(i) = -4*b(i) + 3*v(i). Is s(0) prime?
False
Let x(z) = -z + 2. Let n be x(-3). Suppose -7*s + 2*s - 20583 = -3*t, 4*t = n*s + 27449. Is t a composite number?
True
Suppose -13*p + 82959 + 32585 = 0. Let w = p - 5085. Is w prime?
True
Let j(i) = 182*i**2 + 70*i - 1163. Is j(-90) prime?
False
Suppose -490 = -k - 3*z + 4*z, -6*z = 36. Let a be (-2)/(-6) + 10/6. Suppose -1502 = -a*r + k. Is r composite?
True
Let q be 8/(2379/(-795) - -3). Suppose 79 = k + 625. Let y = k + q. Is y a composite number?
True
Suppose 2994 = 3*x + 12828. Let t = 3205 - 9646. Let v = x - t. Is v prime?
True
Let w(k) = 15*k**2 + k + 6. Let j(a) = -119*a**2 - 7*a - 49. Let o(p) = 6*j(p) + 49*w(p). Let l be o(-5). Let i = l - -249. Is i a composite number?
False
Let f be (0 + 20/(-4) - -6)*-127268. Is f/(-6) - 3/9 composite?
False
Suppose 53723 = 5*j - 11*g + 7*g, -42964 = -4*j - 4*g. Is j a composite number?
True
Let k(d) = 8*d + 93*d - 16*d + 25 + 7. Is k(17) prime?
False
Let n(s) be the first derivative of 67*s**2/2 + 10*s + 59. Let c be (-1)/2 - 7/(-2). Is n(c) composite?
False
Let m = -2501 - -7710. Is m composite?
False
Let y(k) = -k**3 - k**2 - k + 8.